s divided by 7?
4
Let c = 128 + -224. What is the remainder when c/(-3)*(3 + (-12)/8) is divided by 13?
9
Suppose l + 5*j - 28 = 0, -l + 4*j = 2*l - 8. Suppose -l*c + 3*c + 395 = 0. Calculate the remainder when c is divided by 10.
9
Let h be (6/(-10))/((-3)/15). Let p(i) = i + 18. What is the remainder when (h/2)/((-2)/(-92)) is divided by p(0)?
15
Suppose -d + 61 = i, 0 = 12*i - 16*i + 3*d + 265. Calculate the remainder when 274 is divided by i.
18
Suppose 0 = 2*h + 2*o - 376, 401 = 5*h - 3*o - 499. Let k = -98 + h. What is the remainder when k is divided by 22?
19
Suppose 2*u - l = 696, 0*u - 5*l = 5*u - 1755. What is the remainder when u is divided by 32?
29
Let l(y) = y**2 - 7*y + 11. Let j be l(6). Suppose 7*z = j + 30. Suppose -43 = -3*g + b, 2*g = -g - z*b + 73. Calculate the remainder when 30 is divided by g.
14
Let x be 0*(-3)/(-9)*(-2)/4. Suppose -2*l - 4*g + 16 + 0 = x, -4 = -2*g. What is the remainder when 13 is divided by l?
1
Suppose 813 + 1007 = 164*j + 16. Let z = -2 - -4. Suppose a + 12 = -5*q, 0 = z*a + 2*a + q - 9. Calculate the remainder when j is divided by a.
2
Let v(u) = 2*u**3 + 3*u**2 + u - 3. Let q be v(2). Suppose 0 = 3*m - q - 0. What is the remainder when 16 is divided by m?
7
Suppose 5*d - 6*d = -5*p - 207, 0 = -5*p - 25. What is the remainder when d is divided by 39?
26
Let l(t) = 346*t - 1. Let v be l(-1). Let f = -158 - v. What is the remainder when f is divided by 12?
9
Let d = 17 + 20. Let m = d - 21. Calculate the remainder when 60 is divided by m.
12
What is the remainder when 5 - (-57 + 10 + -3) is divided by 21?
13
Let i(k) = -4*k + 1. Let b(t) = -2*t**2 - 7*t - 7. Let x be b(-6). Let n = x + 61. What is the remainder when n is divided by i(-3)?
11
Suppose 103 + 32 = -5*f. Let j = 40 + f. Calculate the remainder when 34 is divided by j.
8
Suppose 0 = -7*u + 2*u + 85. Let k = -224 + 244. Let n = k - u. What is the remainder when 3 is divided by n?
0
Suppose l - 450 = -8*l. Suppose -l = 2*d - 4*d. Calculate the remainder when 47 is divided by d.
22
Let n be ((-1)/2)/(5/(-130)). Let l = n - 4. Calculate the remainder when 4*4/(-8) + 18 is divided by l.
7
Let l(t) = 8 + t - 6 + 17. Let m = 92 - 106. Calculate the remainder when 18 is divided by l(m).
3
Suppose 28*q = 1195 - 131. Suppose 3*o = -0*o + 39. Calculate the remainder when q is divided by o.
12
Let o(h) = -7*h - 1. Calculate the remainder when 6/(((-99)/187)/(-3)) is divided by o(-1).
4
Let i(b) = -b**2 - 8*b - 7. Let l be i(-7). Suppose l = z + g - 1, z = -2*z + g + 7. Calculate the remainder when (91/(-39))/(21/(-18)) is divided by z.
0
Suppose g - 94 = -3*u, 8*g = 9*g + 2*u - 96. What is the remainder when g is divided by 51?
49
Let w be 19/3 - -1*(-2)/6. Suppose 0*m + 3*m = 4*f - 60, 16 = 2*f + 2*m. What is the remainder when 4/w + (-64)/(-3) is divided by f?
10
Let p = 140 - 56. Calculate the remainder when 126 is divided by (-48)/(2/(-7) + (-102)/p).
30
Suppose -2*r + 3*r = -3. What is the remainder when (-15)/(-1) - 6/r is divided by (20/(-13))/(40/(-260))?
7
Let z = -313 + 387. Calculate the remainder when z is divided by 17.
6
Let l(c) = c + 90. What is the remainder when l(0) is divided by (2 - 3)*(-26 + 3)?
21
Let i = 3 + 29. Suppose 4*k = -4*s + 88, -14*s = k - 10*s - 34. What is the remainder when i is divided by k?
14
Suppose 5*l + 22*d - 499 = 19*d, -2*d = 5*l - 496. What is the remainder when 466 is divided by l?
74
Let b = -13 - -17. Suppose -2*f + 96 = f + b*d, 5*d - 129 = -4*f. Suppose -11*u + 7*u + f = 0. What is the remainder when 17 is divided by u?
8
Let f = 10 - 22. What is the remainder when (5 + f)/((-2)/26) is divided by 69/(-23) - (-28 + 2)?
22
Suppose p - 60 = 2*p - 2*q, p - 4*q = -60. Let z = 153 + p. Let j(x) = x**2 + 4*x. What is the remainder when z is divided by j(-8)?
29
Suppose -4*a = -3*w - 72, 6*a - 3*a = 4*w + 61. Let n be 4/10 + (-8)/20. Suppose 23*o - 28*o + 135 = n. Calculate the remainder when o is divided by a.
12
Let f = -22 - -24. Suppose -6*p + f*x - 90 = -9*p, p + 5*x = 30. What is the remainder when 147 is divided by p?
27
Suppose -6*y + 1 = -s - 3*y, 0 = -5*y + 5. Suppose k = -3*d + 53, 3*d - 31 - 7 = s*k. What is the remainder when d is divided by 6?
4
Suppose -5*h = -4*z - 152 + 112, -3*h = -3*z - 24. What is the remainder when 541 is divided by h?
5
Suppose -548 = -4*m - 4*x - 0, 0 = -2*m - 5*x + 283. Let w(f) = 3*f - 186. What is the remainder when m is divided by w(71)?
26
Suppose -5*j = 4*d - 256, 14*d - 11*d + 4*j - 191 = 0. Calculate the remainder when d is divided by 27.
15
Let i(x) = -4*x + 49. Let n(a) = 2*a - 24. Let l(h) = 2*i(h) + 5*n(h). Let j be l(16). Suppose -20 - j = -6*f. What is the remainder when 24 is divided by f?
4
Let r(y) = 8*y + 129. Let q(l) = -l - 5. Let i be q(-6). What is the remainder when r(-10) is divided by (i/3)/((-1)/(-51))?
15
Suppose 7*g = 4*g + 15. Suppose -3*l - 257 = -g*d, 2*l - 78 = -2*d - 3*l. What is the remainder when d is divided by 9?
4
Suppose -3*b + 0 + 15 = 0. Suppose b*h + 31 = 91. Let t = 10 + h. Calculate the remainder when t is divided by 12.
10
Suppose 6*l - 5*l = -4*p + 30, -3*p + 9 = 0. Let s(h) = h**2 - 5*h + 4. Let a be s(4). Suppose -x + a = -71. What is the remainder when x is divided by l?
17
Let l(a) = a**2 - 5*a + 9. Let i(n) = -n**2 + 6*n - 9. Let r(x) = -6*i(x) - 5*l(x). What is the remainder when r(11) is divided by 4?
1
Let u be (-9 - -4)*(-4)/10. Calculate the remainder when (22/4 - 2)*u is divided by (-4)/(-10)*(-2 + 7).
1
Let i be 18/6 - (2 - 1). Let t(l) = -2*l + l + 0*l - i*l**2 - 12 + 3*l**2. What is the remainder when 22 is divided by t(5)?
6
Let v be 24/18 + (-4)/(-6). Suppose -v*a = -4*a - 14. What is the remainder when (-77 - 1)/(14/a) is divided by 14?
11
Let d be ((-1)/(-3))/((-11)/(-1122)). Let y = d + -21. What is the remainder when 76 is divided by y?
11
Let j = -124 + 65. Let m = 120 + j. What is the remainder when m is divided by 16?
13
Let l = 74 + -45. What is the remainder when 57 is divided by l?
28
Let m = 107 - 29. Let k = -20 + m. Calculate the remainder when k is divided by 32.
26
What is the remainder when -121 - -606 - 5*1 is divided by 33?
18
Let i(d) = -d**3 + d - 17. Let k be i(0). Let z(p) = -8 - p - 6*p - 2*p + 8*p. What is the remainder when 17 is divided by z(k)?
8
Calculate the remainder when (-16)/(-24) - (3 + 680/(-6)) is divided by 7.
6
Calculate the remainder when -16*3*(-632)/96 is divided by 29.
26
Suppose -2*s + 6 = 4, -3*k - 2*s + 233 = 0. Suppose -20*p + 13*p + k = 0. Calculate the remainder when 32 is divided by p.
10
Let t(p) be the first derivative of p**4/4 + 8*p**3/3 - 2*p**2 - 8*p + 1. Suppose -10*u = 39 + 41. Calculate the remainder when 69 is divided by t(u).
21
Suppose 0 = -2*l - 5*r + 52, 3*l = -0*l - 3*r + 78. Calculate the remainder when l is divided by 12.
2
Let x be -1 + 374 + 36/9. Suppose x - 117 = 10*g. Calculate the remainder when g is divided by 16.
10
Let n = 266 + -262. What is the remainder when 10 is divided by n?
2
Calculate the remainder when 1/(3/(-1) + (-17138)/(-5709)) is divided by 87.
84
Suppose -191 = -5*d - 46. What is the remainder when d is divided by 336/33 + ((-112)/77)/8?
9
Let s = -323 - -386. Calculate the remainder when 118 is divided by s.
55
Let d be (-10)/85 + (-196)/68. What is the remainder when 50 is divided by (d + 1)/(30/(-195))?
11
Let u = 6 + -2. Suppose 5*p + 5 = 0, 3*p - 48 = c - u*c. What is the remainder when 33 is divided by c?
16
Calculate the remainder when 247/3 - (4 - 56/12) is divided by 1/3 - (222/(-9) + -4).
25
Suppose 5*q = -2*a + 687 + 382, -2*a - 221 = -q. What is the remainder when q is divided by 36?
35
Suppose c + 2 + 14 = 4*o, -2*o - 2*c - 2 = 0. Suppose u + 2*u = a + 10, -15 = o*u. Let w = a - -43. Calculate the remainder when w is divided by 7.
4
What is the remainder when 20/120 + (-695)/(-6) is divided by 44?
28
Let k(c) be the first derivative of 3*c**3 + c**2 + 2*c - 9. What is the remainder when k(3) is divided by 15?
14
Suppose -2*s = -2*z + 4*z - 2, -2*z = -2*s - 6. Suppose 64 = 4*q - z*h, 8 = -q + 3*q + 5*h. What is the remainder when q is divided by 4?
2
Let f = -2104 - -2169. What is the remainder when 774 is divided by f?
59
Suppose -15*g + 12*g = -75. What is the remainder when (143/2 + 3)/((-1)/(-2)) i